ose -5*x = 5*r - 3340, 6*r + 4*x = r + 3344. Suppose 7*o + o - r = 0. Calculate the greatest common factor of o and 28.
28
Suppose 55*b - 9022 - 8385 = -114*b. What is the greatest common factor of b and 27913?
103
Let u = 3507 + -3494. Calculate the highest common divisor of 4303 and u.
13
Suppose 76*b = 71*b + 120. What is the highest common factor of 408 and b?
24
Suppose 2*p + 97 = -s, 4*s = 2*p + p + 129. Let j = -51 - p. Let u be -13*9*(-1 + j + 4). What is the greatest common factor of u and 78?
39
Let z be 61 + 36/12 + 6. Calculate the highest common factor of z and 1085.
35
Let u = 3438 - 1865. Calculate the highest common divisor of 13 and u.
13
Let v = 2 + 3. Suppose x - v*x + 111 = 3*k, -2*x - k + 57 = 0. Let j = -24 + 34. What is the greatest common divisor of j and x?
10
Let b(u) = -17*u**2 + 250*u - 27. Let m be b(13). Calculate the greatest common factor of m and 28.
14
Let c be (-3)/(-3) - (6 + -7). Suppose c*s + 37 = 65. What is the highest common divisor of s and 35?
7
Suppose 11*q - 5*q = -54. Let f be (-84)/10*(1 + 69/q). Calculate the highest common divisor of f and 28.
28
Suppose 0 = 17*l + 251 + 633. Let n = 54 + l. Let r = 14 + -4. What is the highest common divisor of n and r?
2
Let o(n) = -n**3 - 37*n**2 + 104*n - 147. Let d be o(-40). Calculate the greatest common factor of 34 and d.
17
Let z be 1 - (1 + (2 - 12)). Let k(o) = 39*o - 50. Let n be k(8). Let v = n - 152. What is the highest common factor of z and v?
10
Let t = -14 + 159. Let h = 6185 - 6098. What is the greatest common divisor of t and h?
29
Suppose 18*a - 120581 = 14*a - 3*k, 2*a - 4*k = 60252. What is the greatest common divisor of a and 22?
22
Suppose 2*n - 19 = 3*k, -2*n + 4*k - 82 = -7*n. Calculate the greatest common factor of n and 1939.
7
Suppose -12 = 4*j, -3*c + 2*c = -4*j - 252. Suppose -9*a + 99 = -81. Calculate the highest common divisor of c and a.
20
Suppose 4492 = 10*m + 1532. Calculate the highest common factor of m and 3996.
148
Let x = -1 - -3. Let m be (2 + -9)*(x - 18). Suppose 15*y - 28759 + 28549 = 0. Calculate the greatest common factor of m and y.
14
Suppose 0 = 2*u + 2*u - 4*y - 4, u + 2 = 4*y. Suppose -23 = -3*t + 4*l + 251, -u*t + 186 = -2*l. What is the highest common divisor of 14 and t?
14
Suppose c - 515 = -4*o, -c + 276 = 5*o - 367. Suppose 2*v + 6*g - o = 3*g, 0 = -5*v + 5*g + 270. What is the greatest common divisor of 29 and v?
29
Let x = -508 - -2927. Calculate the highest common divisor of x and 413.
59
Let z(w) = -w**3 + 4*w**2 + 3*w + 12. Let l be z(5). Let g be -1*(3 - 17)*6 + l. Let c = g - 42. What is the highest common divisor of 11 and c?
11
Suppose 17790*v = 17802*v - 432. What is the highest common divisor of v and 2628?
36
Let l(n) = 8*n**2 + 40*n + 193. Let i be l(-7). Suppose -i = -5*p - 290. Let j be -1 - 0 - (-102)/3. Calculate the highest common factor of p and j.
3
Let d = -218 + 311. Let m be d/33 + (-4)/(-22). Suppose 0 = 4*v + 16, m*f - 5*f - v + 54 = 0. Calculate the highest common factor of 29 and f.
29
Let d = -186 + 82. Suppose -11*s + 17*s = -444. Let r = s - d. What is the highest common divisor of r and 270?
30
Let w = 5801 - 5778. Let q = -568 + 821. Calculate the highest common factor of q and w.
23
Let c be (95/(-60))/19 + 64099/84. Calculate the highest common factor of c and 981.
109
Let g(j) = 34*j**2 - 51*j - 7. Let i be g(4). What is the highest common divisor of i and 18?
9
Let m(z) = -2*z + 14. Let o be m(-4). Let g = -16 + o. Let b = g - -30. Calculate the greatest common divisor of b and 12.
12
Let q be 6/(-12) + 958/(-4). Let s = q + 252. Let w(i) = i**2 - i + 36. Let p be w(0). Calculate the highest common factor of p and s.
12
Suppose z - 10 = -4*u, -2*u + 0*u + 6 = z. Suppose 0 = u*b - 4*d - 12, -b + 10 = d - 2*d. Calculate the highest common factor of b and 91.
7
Let s = 43 + 22. Let m = 679 + -432. Calculate the highest common factor of s and m.
13
Suppose 2*o - 4*h - 16 = 0, -3*o - h - 134 = -158. Calculate the highest common factor of o and 21832.
8
Let k be 54*231/(-198)*(-10 - -1). Calculate the highest common factor of k and 2709.
63
Suppose 54445 = 49*h - 10872. Calculate the highest common factor of 93 and h.
31
Suppose -90 = -3*b - 741. Let l = 232 + b. Calculate the highest common divisor of l and 75.
15
Suppose 68*x - 3*o = 63*x + 681, 0 = -5*x + o + 667. What is the greatest common divisor of x and 1276?
44
Suppose -x = 5*q + 80, -5*q - 114 = 5*x + 186. Let d = -36 - x. Suppose -4*r + 103 = 5*n + 8, -n - 5*r + d = 0. Calculate the highest common factor of 19 and n.
19
Suppose 17*u - 62 - 142 = 0. Suppose -503 = -3*o - 4*t, 3*t = -7*o + u*o - 819. What is the greatest common divisor of 15 and o?
15
Suppose x = -40 + 124. Suppose -21*v + 640 = -116. Let t be ((-9)/1)/(v/(-48)). Calculate the greatest common divisor of t and x.
12
Let s(g) = -g**3 + 10*g**2 - 3*g - 18. Let h be s(9). Let v be h*(5 + 9/(-6)). Calculate the greatest common factor of v and 441.
63
Let x be (2 - 0)/(22/(-33)). Let g be 2/1 + (x - -3). Suppose 0 = 2*s - g, -d + 4*s = -s. Calculate the highest common factor of 10 and d.
5
Suppose -2*l - 7 = -2*k - 3, l + 10 = 3*k. Suppose 15421 = 21*h + 15358. Calculate the highest common factor of l and h.
1
Let n = 252 + 4. Let x be (-6160)/(-462)*(44/10 + -2). Calculate the highest common factor of x and n.
32
Suppose 2*k + 22 = 4*q, 2*k = -8*q + 4*q + 42. Let s = q + -22. Let d be (-2 + s)/((-11)/22). Calculate the highest common divisor of 4 and d.
4
Let l be ((256/(-24))/(-16))/(((-88)/(-4140))/11). What is the highest common divisor of l and 155?
5
Let v = -38 - -38. Suppose v = 5*n - 4*l + 6, n - 14 = -3*l. Let w be n*(-18)/21*(-1 - 6). What is the highest common factor of 3 and w?
3
Suppose -2*g = 2*u - 3*u + 12, 2*u + g = 4. Suppose 244*p + u = 245*p. Calculate the highest common factor of 32 and p.
4
Suppose -4*u = -2*u - 80. Let c be 4/46 + (-92340)/(-1380) + -51. What is the highest common divisor of c and u?
8
Suppose 4*g - 5*b = 11276, 0 = -12*g + 9*g + 4*b + 8458. What is the greatest common factor of 42 and g?
42
Let v(p) = 25*p - 121. Let g be v(5). Let q be (-24)/84 - 153/(-21) - g. Calculate the greatest common divisor of q and 2.
1
Let f(t) = -8*t. Let o be f(5). Let l be (5 - (-136)/o)*490/4. What is the highest common divisor of 28 and l?
28
Let g(h) = -h**2 - 10*h - 7. Let j be g(-9). Let y be (13 + (-348)/28)/(2/63). What is the highest common divisor of j and y?
2
Suppose -4*q - 5*s + 2858 = 0, 17*q = 15*q - 4*s + 1426. Suppose -q = 6*r - 873. What is the highest common factor of 741 and r?
13
Let m be 2*((1 - -4) + 6 + -10). Suppose -5*o - m + 12 = 0. Suppose -3*s + 3*l = -30, -s - o*l + 0*l = -25. Calculate the greatest common factor of s and 9.
3
Let o = -18373 - -20560. What is the highest common factor of o and 3159?
243
Let y = 168 + -51. Suppose 33 + 47 = -4*u. Let d(t) = -10*t - 187. Let r be d(u). Calculate the highest common factor of r and y.
13
Let r be ((-35)/2 - -2)*(-535 + (-12)/(-4)). Calculate the greatest common divisor of 133 and r.
133
Let l be 2/(-12) - 4543/(-42). Let h = -3301 - -3337. Calculate the highest common factor of h and l.
36
Let u = 12775 + -12424. What is the highest common factor of u and 4617?
27
Let b(t) = 0*t**2 - 5172 + t**2 + 5172 + 7*t. Let j be b(-12). Calculate the greatest common divisor of j and 195.
15
Let f(t) be the third derivative of t**6/120 + t**5/60 + t**4/12 + 25*t**3/2 + 50*t**2. Let z be f(0). What is the highest common divisor of z and 100?
25
Suppose 4*m + 0*m = 5*h + 565, 713 = 5*m - 4*h. Let o be 37/7 - (64/56)/4. Calculate the highest common divisor of o and m.
5
Let h be 2/2 - (-17 - 63). Let g be (90/(-35))/(3 - (-43)/(-14)). Calculate the highest common divisor of g and h.
9
Let n = -165 - -317. Let q = n + -104. Let v(j) = j**2 + 14*j + 112. Let y be v(-22). Calculate the greatest common factor of y and q.
48
Let t = 106 + -44. Let r = t - 123. Let n = r + 73. Calculate the greatest common divisor of 36 and n.
12
Let c = -44880 + 45001. What is the greatest common factor of c and 11737?
121
Let l be ((0/(-7))/(-2))/2. Let u(q) = q**3 + 2*q**2 - 10*q + 141. Let p be u(l). What is the greatest common divisor of p and 47?
47
Let d(h) = h**2 + 35*h - 742. Let p 